 + 10 = 4*h + 26. Suppose 4*u = -m - h + 46, 5*m - 45 = -5*u. List the prime factors of u.
2, 3
Suppose 23*v = 10518 + 42750. List the prime factors of v.
2, 3, 193
Let n(g) be the third derivative of -g**7/5040 + g**6/48 - g**5/30 + 3*g**2. Let x(j) be the third derivative of n(j). What are the prime factors of x(0)?
3, 5
Suppose -185*m = -189*m - 5*i + 7791, 0 = 4*m + 4*i - 7796. List the prime factors of m.
2, 977
Let i be (-18)/((-81)/(-30) + -3). Let z be 10/35 - i/14. What are the prime factors of (-490)/(-18) - z/(-18)?
3
Let i be 6/2 + (7 - 7). Suppose 0 = 4*o + 2*t + 124, -i*t + 1 = -o - 30. Let a = 5 - o. What are the prime factors of a?
2, 3
Let z = -140 + -2. Let l be (-6 - -3) + 4 - z. Suppose 4*h - l = 3*x, 4*x - x - 123 = -3*h. What are the prime factors of h?
2, 19
Suppose 20 = r + 4*r. List the prime factors of (276/16 - 4)*r.
53
Let q(n) be the first derivative of 7*n**2/2 - 21*n - 2. What are the prime factors of q(6)?
3, 7
Let j(z) = z**2 + 10*z + 8. Let q be j(-8). Let d(v) = -v**2 - 8*v - 4. Let y be d(q). Let u(x) = -x**3 - 5*x**2 - 5*x + 4. List the prime factors of u(y).
2
Let t = -364 + 422. List the prime factors of t.
2, 29
Let i be (-1844)/(-3) + 2/6. Suppose -3*m - 57 = -2*w + 7*w, 0 = -5*m - 4*w - 82. List the prime factors of 4/m + i/21.
29
Suppose 2457 = 3*c + 5*u, -4*u - 775 = 5*c - 4857. Suppose a + n - 280 = 0, -5*a + c + 576 = 3*n. List the prime factors of a.
5, 11
Let x(q) = -q**2 - 7*q + 4. Let f be x(-7). Suppose -t + 115 = f*t. Let c = 42 + t. List the prime factors of c.
5, 13
Let h(b) = -b - 1. Let g be h(-11). Suppose 5*n = v + 17, 3*v = -4*n + 2*v + g. Suppose n*y + 13 = 67. What are the prime factors of y?
2, 3
Let h = -88 - -1968. What are the prime factors of h?
2, 5, 47
Let a(y) be the first derivative of y**3/3 + y**2 - 7*y - 2. Let t(x) = x**3 + x**2 + x - 5. Let o be t(0). List the prime factors of a(o).
2
Suppose 2*l = 3 - 7. Let v = l + 5. Suppose -h = 2*h - 3*i - 81, -5*h + 127 = v*i. What are the prime factors of h?
2, 13
What are the prime factors of ((-29727)/(-18) - 3)*(-2)/(-3)?
7, 157
Let m = 3405 - 1773. List the prime factors of m.
2, 3, 17
Let x(w) = w**3 + 2*w**2 - 2*w - 1. Let i be x(-2). Suppose 4*o - 12 = -y, -6 + 4 = 5*o - i*y. What are the prime factors of 1 + o + 0 + 1?
2
Let z(b) = 43*b + 145. List the prime factors of z(12).
661
Suppose 62*l - g - 1255 = 61*l, -4*g = 4*l - 5004. List the prime factors of l.
7, 179
Let u(y) = y**3 + 5*y**2 - y - 2. Let p be u(-5). Suppose 4*v - 3*x + 15 + 9 = 0, p*v - 3 = -3*x. Let o = v - -29. What are the prime factors of o?
2, 13
Let z(s) = 47*s + 76. What are the prime factors of z(16)?
2, 3, 23
Let y = 1699 - -637. List the prime factors of y.
2, 73
Let o = -2089 + 3612. What are the prime factors of o?
1523
Let p = -18 + 113. What are the prime factors of p?
5, 19
Suppose -2*z + 1959 = -3*u, 2412 = 4*z + 3*u - 1515. What are the prime factors of z?
3, 109
Let c(j) = -j - 5. Let o be c(5). Let h be 2/(-2 + o/(-4)). Suppose v - 2*b = 3*b + 20, -3*b + h = v. What are the prime factors of v?
2, 5
Suppose 3*x = v - 4*v + 105, -5*x - 140 = -4*v. List the prime factors of (-908)/(-5) - (-14)/v.
2, 7, 13
Let j be 274/(-8) + (-2 + 4)/8. List the prime factors of (-51)/j*172/3.
2, 43
Let k(q) = 3*q - 12. Let r be k(6). Let u be ((-2)/4*r)/(-1). Suppose -2*m + 46 = 3*d + u*m, 3*d = 5*m + 56. List the prime factors of d.
17
Suppose 2*v - 148 = 514. Suppose v + 569 = 4*z. List the prime factors of z.
3, 5
Let x(v) be the third derivative of -61/24*v**4 + 0*v - 1/3*v**3 + 8*v**2 + 0. What are the prime factors of x(-1)?
59
Suppose 7*p - 3*p = 164. Suppose -5*y + p + 149 = 0. What are the prime factors of y?
2, 19
Suppose 5*o - 1036 = 354. Suppose 5*g + l = 337, 6*l - l = -4*g + o. What are the prime factors of g?
67
Let a = -101 + 451. Suppose 3*w = -4*w + a. What are the prime factors of w?
2, 5
Suppose b - 2*b = 5*p - 22, 5*p = 2*b + 16. Suppose -2 - 1 = -r, -3*u + 4*r + 9 = 0. Suppose 4*x = 5*s - 71, 3*s + p*x = -u + 24. List the prime factors of s.
11
Suppose 0 = 3*y + 2*y - 10. Suppose -2*a + 5*j = -4*a + 158, -y*a + 3*j + 158 = 0. What are the prime factors of a?
79
Suppose 4*d = -2*d - 120. Let p = d + 29. Let y(r) = -r**2 + 16*r - 17. List the prime factors of y(p).
2, 23
Suppose 14*r - 34933 = 7991. List the prime factors of r.
2, 3, 7, 73
Let r = 14571 + -10383. List the prime factors of r.
2, 3, 349
Suppose 0 = 5*j - 162 - 23. Suppose m = 13 + j. List the prime factors of m.
2, 5
Suppose -4*d = -2*l + l - 106, 4*d + 3*l - 114 = 0. Let u be (-114)/d + 8/36. What are the prime factors of u/(-24) + (-22)/(-12)?
2
Let i(s) = s**3 + 19*s**2 + 24*s + 25. Let j be i(-17). Suppose 4*x - j = -x. Suppose -2*t - t = -x. What are the prime factors of t?
13
Suppose 3*l - 4*w - 21 = 0, -5*l + 0*w + 21 = -2*w. Suppose -537 = -l*p - 0*b + b, 0 = -2*p - 3*b + 358. What are the prime factors of p?
179
Let v(u) = 3*u - 14. Let o be v(6). Suppose -o*g = -2*g - 40. Suppose 3*q - 74 + g = 0. What are the prime factors of q?
2, 3
Let d(a) = -3*a + 4 + 2*a**2 + 5 - 4. Let f be d(6). Suppose 3*u - f = -11. What are the prime factors of u?
2
Let o = 30 - 26. Suppose -4*g + o*j = -j, -4*j + 1 = -3*g. Suppose -5*r - 47 + 147 = g*m, -46 = -2*m + 4*r. What are the prime factors of m?
3, 7
Suppose o - 2*b = 3*o - 82, 0 = 4*o - 5*b - 137. Let t = -62 + 121. Let q = t - o. List the prime factors of q.
3, 7
Let p(s) = -2*s**3 + s**2 - s. Let v be p(-2). Let u = 35 - v. What are the prime factors of u?
13
Suppose -2*q + 12 = 2*z, 4*z = -q - 0*z. Let b(k) = -q*k - 13 - 2 - 4. List the prime factors of b(-8).
3, 5
Suppose 3*w + 5*c = c + 16, -7 = -3*w + 5*c. Suppose -5*l - 177 = -t, w*t - 29 = l + 7*t. Let v = l - -59. List the prime factors of v.
2, 3
Let b = 1389 - 780. What are the prime factors of b?
3, 7, 29
Let x(r) = -r**3 + 6*r + 730. What are the prime factors of x(0)?
2, 5, 73
Suppose -u = -4*u + 5*b + 1396, 0 = -2*b - 10. Suppose 3*a = -4*k + u, 5*k - 6*a + a = 545. What are the prime factors of k?
2, 7
Let s be (-1)/2*1*-16. Let z = -6 + s. List the prime factors of 5 + (z + -5)*1.
2
Suppose 17*y + 20110 = 27*y. What are the prime factors of y?
2011
Let a(r) = 9*r**2 + 6*r + 30. What are the prime factors of a(6)?
2, 3, 5, 13
Let p = -38 - -42. Suppose p*g + 2*k - 192 = 0, 0*k + k + 149 = 3*g. What are the prime factors of g?
7
Suppose -24 = -b + 5. Suppose -k = 4*i + b, -2*k + 4*i = i + 3. Let a = k + 39. What are the prime factors of a?
2, 3, 5
List the prime factors of (-4)/(-14) - 53352/(-399).
2, 67
List the prime factors of 1*1318 + 0 + -6 + 5.
3, 439
List the prime factors of (-550)/(-2)*18382/910.
5, 11, 101
Let v(a) = 16*a**2 + 6*a - 19. List the prime factors of v(5).
3, 137
Let i be (100/(-35))/(2/(-14)). Suppose 5*k = -b - 4*b + i, -10 = -2*k. What are the prime factors of (162/15)/(b/(-5))?
2, 3
Suppose -8*t - 1378 = -u - 6*t, 0 = -2*u - 3*t + 2763. What are the prime factors of u?
2, 3, 5, 23
Suppose l - 6*l = -30. Let k be (l/(-4))/((-3)/(-12)). Let r = k - -23. List the prime factors of r.
17
Suppose 4*j + 2*a - 551 = a, -4*j + 533 = -5*a. List the prime factors of j.
137
Suppose 7*d = 4*d - 9. Let u(i) = -38*i - 17. List the prime factors of u(d).
97
Let i(m) = 24*m**3 + 6*m**2 - 6*m - 10. Let o(z) = -24*z**3 - 5*z**2 + 5*z + 9. Let x(j) = -5*i(j) - 6*o(j). What are the prime factors of x(2)?
2, 47
What are the prime factors of ((-30)/9)/(4/(-1254))?
5, 11, 19
Suppose -6*a = 2092 + 230. Let l = a - -586. List the prime factors of l.
199
Let t = 376 + -163. Let h = 329 - t. What are the prime factors of h?
2, 29
Let w be 4*(-2)/4 + -5. Let a = w - -25. Suppose 4*m - 70 = a. What are the prime factors of m?
2, 11
Let g(f) be the second derivative of f**5/20 + 5*f**4/4 + 2*f**3 - 10*f**2 - 4*f. What are the prime factors of g(-14)?
2
Let d(x) = 4*x - 19. Suppose 0*a = -a + 21. Let g be (-186)/(-14) + (-6)/a. List the prime factors of d(g).
3, 11
Let s be 0/(-2 - -4)*1. Suppose 5*b - 5*y - 25 = s, 0*b + 4*y = -3*b + 22. What are the prime factors of (-4)/b + 350/30?
11
Let s = -54 - -489. What are the prime factors of s?
3, 5, 29
Suppose 13503 + 35253 = 51*u. List the prime factors of u.
2, 239
Suppose 395 + 27 = m. List the prime factors of 